8 = 14*l - 16*l, -4*l + 51 = d. Calculate the greatest common factor of s and d.
5
Let p(s) = -3*s**2 + 183*s + 218. Let m be p(62). What is the highest common divisor of m and 224?
32
Suppose 27*a + 27 = 189. Let u(s) = s**2 + 7*s + 7. Let t be u(-6). What is the highest common divisor of a and t?
1
Suppose 4*l = -j + 2*l + 32, -j = l - 33. Suppose -271 - 749 = -10*f. Calculate the greatest common factor of j and f.
34
Suppose 3*i - 17 - 37 = 0. Calculate the greatest common factor of i and 90.
18
Let p be (-1 + 1/3)/((-2)/18). Let f = -22 + 52. Calculate the highest common factor of p and f.
6
Suppose -13*h = -7*h - 264. Suppose -4*n = -h - 60. Calculate the greatest common divisor of 26 and n.
26
Suppose 4*j - 5*l - 42 - 21 = 0, j + l = 9. Let r(i) = -19*i - 1. Let d be r(-1). What is the greatest common divisor of d and j?
6
Suppose -9*c + 7 + 137 = 0. Let x(n) = n + 1. Let m(g) = -g + 1. Let w be m(-2). Let v be x(w). Calculate the highest common divisor of v and c.
4
Suppose 0 = 6*b - 1088 - 634. What is the greatest common factor of b and 82?
41
Suppose 3*l - 204 = -4*y, -l - 7*y + 4*y = -63. What is the highest common factor of 9 and l?
9
Let c be 6/57 + 6480/171. Calculate the highest common factor of c and 741.
19
Suppose -29 = 3*f + 5*z, -2*z + 14 = 3*f - 5*f. Let h be ((-66)/f)/(-1 - 42/(-40)). What is the greatest common divisor of 15 and h?
15
Let s be 0/(-4 - (-1 - 1)). Suppose s*j + 4*j = 40. Calculate the greatest common divisor of j and 30.
10
Suppose 5*h = 2*f - 30, 8 + 28 = 4*f + 2*h. Calculate the highest common factor of 430 and f.
10
Let z be (-1 + 1)*2/4. Suppose z = b + b - 308. Let p be (42/(-9))/((-5)/15). Calculate the greatest common divisor of p and b.
14
Let y = -1535 - -1538. What is the greatest common divisor of 25 and y?
1
Suppose 0 = -3*v + w + 320, 0*v + 3*v - 4*w = 308. Let j be (-94 - -3)*v/(-42). Calculate the highest common divisor of 18 and j.
18
Let p(g) = 6*g - 21. Let z be p(-12). Let w be (z*10/(-45))/((-2)/(-21)). What is the highest common factor of w and 31?
31
Let t be 2/(-7) + (-69)/(-21). Suppose 72 = 5*i + 3*q, 4*i = -q - t*q + 64. Let p = i + 19. Calculate the greatest common factor of p and 279.
31
Suppose -185 = -3*i + 397. What is the highest common divisor of 485 and i?
97
Suppose -2*o = 0, 2*b + 62 = 4*b - 3*o. What is the highest common factor of 31 and b?
31
Suppose -5*a + 29 = -1. Suppose 5*f = a - 1. Let d = 126 + -121. What is the greatest common divisor of d and f?
1
Let y(l) = -3*l + 559. Let a be y(36). What is the greatest common factor of 82 and a?
41
Suppose -2*k = -c + k + 18, 0 = -c - 5*k - 22. Suppose -c*h + 44 - 5 = 0. Calculate the greatest common factor of 26 and h.
13
Let w be 72/(-28)*5/3*-7. Suppose -2 = -2*p + 5*l + 15, 4*l = -20. Let z = p + 14. What is the highest common divisor of w and z?
10
Let z(i) = i**3 + 25*i**2 - 19*i + 217. Let x be z(-26). What is the greatest common factor of 49 and x?
7
Suppose -3*g + 79 = 3*t - 7*g, -3*g = 12. Calculate the greatest common divisor of 63 and t.
21
Let y = 0 - -3. Suppose -m = -y*m - 78. Let t be (2*54)/(m/(-26)). What is the highest common divisor of t and 9?
9
Suppose 9*g - 105 = 4*g. Let w(s) = 10*s + 21. Let k be w(0). Calculate the highest common factor of g and k.
21
Let z = 14 + -6. Let s(w) = 170*w - 154. Let g be s(1). What is the greatest common divisor of z and g?
8
Suppose -7*j = -9*j - 4*s + 1562, 0 = -2*j + s + 1567. What is the greatest common divisor of 29 and j?
29
Let t be (1 - 2)*(0 - 3). Suppose t*h = -h + 24. Suppose h*f = 4*f + 30. Calculate the greatest common divisor of f and 3.
3
Let v = 100 + 26. What is the greatest common factor of 42 and v?
42
Let k = -9 - -9. Let h be -5 + 3 + (9 - k). Let j = 23 - 16. Calculate the greatest common factor of h and j.
7
Let p = 93 - 49. Suppose 0 = -17*i + 19*i - p. Let r be (-1)/(-2)*(-1 + 23). Calculate the highest common divisor of r and i.
11
Suppose 3*a = 3*v + 7 + 65, -3*a = v - 76. Let i = a - -11. Calculate the greatest common divisor of i and 6.
6
Suppose -1574 = -3*k - 2*m, 5*k + 118 - 2763 = m. What is the greatest common divisor of 33 and k?
33
Suppose -3*x + 110 = s - 751, s = -5*x + 1433. Suppose 2*d - 3*q - 286 = q, -2*d + x = 4*q. What is the highest common factor of d and 13?
13
Suppose -16238 - 17152 = -63*m. What is the highest common divisor of 10 and m?
10
Let l = 3 - -2. Suppose -5*r = -4*m + 11, l*m - 4*r - 7 = 9. Calculate the greatest common factor of 20 and m.
4
Suppose 2*n + 22 = 4*n. Suppose -w = -4*c - n + 63, -c + 13 = 5*w. Let f be 26/4*(-60)/(-10). What is the highest common divisor of f and c?
13
Let x = 72 + 4. Suppose 50 = -171*m + 174*m - h, 0 = 5*m + h - 102. What is the greatest common factor of m and x?
19
Let d(o) = 9*o**3 - o**2 - 3*o + 3. Let g be d(2). Let s(t) = t**2 - 10*t - 30. Let v be s(14). Calculate the highest common divisor of v and g.
13
Let h be 9 - 9/(9/(-3)). Suppose -4 = 2*o - 2*r, 2*o + 3*r = 5 + 1. Suppose o = 2*t - 7*t + 480. Calculate the highest common factor of t and h.
12
Suppose -3*a - 2*a = -25. Suppose -5*d - 54 = -3*o, 4*d - 13 - a = -o. What is the greatest common divisor of 12 and o?
6
Let k = -6 + 9. Let w be 54/(-1)*(-2)/k. Let u(v) = -v**3 + 9*v**2 + 12*v - 38. Let g be u(7). What is the highest common factor of w and g?
36
Suppose 0 = 2*y - 35 + 3. Let q be (-18 + y)/(4/78). Let g = 79 + q. Calculate the highest common divisor of 20 and g.
20
Suppose -a + 4 = -2. Let s = 47 - -7. What is the greatest common divisor of s and a?
6
Let q(b) = -15*b**2 + 377*b - 9. Let i be q(25). What is the highest common divisor of i and 2911?
41
Let b(x) = -x**3 + 8*x**2 + 30*x + 14. Let a be b(9). Calculate the greatest common factor of a and 116.
29
Let c be ((-40)/14)/(6*2/(-42)). Calculate the greatest common divisor of c and 2510.
10
Let v(u) = 8*u + 24. Let x be v(-1). What is the greatest common factor of x and 104?
8
Let s = -211 - -302. Let b(q) = -6*q - 23. Let k be b(-12). Let l = 62 - k. Calculate the highest common divisor of s and l.
13
Suppose 0 = -2*m - 90 - 14. Let j = 54 + m. Calculate the greatest common factor of j and 5.
1
Suppose -4*x = -2*p + 32, 0*x = 2*p + 3*x - 46. Let a(j) = j**2 - 3*j + 10. Let t be a(8). What is the greatest common divisor of t and p?
10
Let t be 0/2 + -11*(-66)/3. Calculate the highest common divisor of 22 and t.
22
Let t = 30 - 24. Let u(q) = 2*q**2 - 4*q + 4. Let y be u(3). Suppose -5*c + 2*b + 4 = -34, c = b + y. Calculate the greatest common divisor of c and t.
6
Suppose -5*i = -2*q - 1185, -6*i - 2*q = -3*i - 695. What is the greatest common divisor of 5 and i?
5
Let a(z) = z + 6. Let j be a(5). Suppose -r + 65 = j. Suppose 3*h + 9 = r. Calculate the highest common divisor of 135 and h.
15
Let i be ((-69)/(-9))/((4/(-42))/(-2)). Calculate the greatest common divisor of i and 14.
7
Let b = 577 - 387. What is the highest common factor of b and 76?
38
Let b be 2/3*(-99)/(-22). Suppose -b*p - 1751 = -5*v, p + 1405 = -0*v + 4*v. What is the highest common divisor of v and 32?
32
Let n(p) = 2*p - 12. Let r be n(-9). Let a = r - -33. Suppose 2*c = 3*z - 47, -2*c - 74 = -5*z - a*c. Calculate the highest common divisor of z and 165.
15
Let f(l) be the second derivative of 8*l**4/3 - l**3/2 - 3*l**2/2 - 40*l. Let m be f(-1). What is the greatest common divisor of 2 and m?
2
Let p(j) = 2*j**3 + 9*j**2 - 8*j - 10. Let v be p(-5). Suppose -3*b - v*b + 208 = 0. Calculate the greatest common factor of 65 and b.
13
Let h = 6 + -1. Let a(o) = -3*o + 15. Let i be a(-6). Suppose -62 - i = -h*q. What is the greatest common factor of q and 152?
19
Let j = 9 + -5. Suppose 4*b = -o + 14, -32 = -j*o - 0*b - 4*b. What is the greatest common factor of 6 and o?
6
Let d = 221 + -109. Let l be 460/(-69)*(-42)/10. Calculate the greatest common factor of l and d.
28
Let f(i) = 12*i + 32. Let u be f(-1). Let v(t) = t - 8. Let g be v(6). Let z be (-1)/g*-2 - -6. Calculate the highest common factor of z and u.
5
Let m = 302 + -190. What is the highest common divisor of 7 and m?
7
Let j be 14*(-1)/(28/(-16)). Let i = 33 - j. Let b = 11 + 239. Calculate the highest common factor of b and i.
25
Let p(a) = 2*a**2 + 4*a + 5. Suppose 7 = -d + f, -f + 10 = -3*d - 3. Let j be p(d). Calc